01002001 + -11?
-10112202001002012
In base 16, what is 43e8a8f - -6?
43e8a95
In base 9, what is 105 - 4117577?
-4117472
In base 14, what is 29111 + 2776?
2b887
In base 2, what is -10111001100101 + -110000111100010?
-1001000001000111
In base 9, what is -7 - -1078473?
1078465
In base 5, what is -3423 - -404023331?
404014403
In base 7, what is 10451532 - -1424?
10453256
In base 16, what is -1 + -7a7300d?
-7a7300e
In base 12, what is -3997 - 14079?
-17a54
In base 3, what is 10200011 - 210020122?
-122120111
In base 15, what is -116c - -4a9?
-bb3
In base 6, what is -325141004 + 4?
-325141000
In base 9, what is 57547457 + 1?
57547458
In base 12, what is 11 + 24104a?
24105b
In base 16, what is 21 - -18a?
1ab
In base 4, what is -112331 + -13220320?
-13333311
In base 10, what is -22 - -978606?
978584
In base 12, what is -24 + 8345b3?
83458b
In base 8, what is 432757 + -3416?
427341
In base 16, what is 2b6baa1 + 4?
2b6baa5
In base 9, what is 18008838 - 4?
18008834
In base 8, what is 521131260 - -3?
521131263
In base 2, what is 10110010110 - -101010001101001?
101100111111111
In base 7, what is -2616104 + 364?
-2615410
In base 4, what is -10321 + -302210?
-313131
In base 12, what is -1a23 + 1714?
-30b
In base 14, what is 4bd7c2 - -1?
4bd7c3
In base 13, what is -7c9 + -b810?
-c309
In base 8, what is 1411200 - -23?
1411223
In base 10, what is -16284498 - 1?
-16284499
In base 13, what is 11128 - -1b9c?
12cc7
In base 8, what is -13207232 + 20?
-13207212
In base 11, what is -10934474a + -4?
-109344753
In base 16, what is -88b7d7df + -1?
-88b7d7e0
In base 13, what is -c398 - 2a30?
-120c8
In base 12, what is -168 + 65a3a?
65892
In base 14, what is -158 + 49158?
49000
In base 3, what is 2 + -110111220121112?
-110111220121110
In base 11, what is -47a573293 - -3?
-47a573290
In base 16, what is 9a78b3 - -b?
9a78be
In base 11, what is -539 - -1512a4?
150866
In base 3, what is -10011 + -111220122121120?
-111220122201201
In base 3, what is 1102 - 21110222021?
-21110220212
In base 15, what is ccc3b7 + 2?
ccc3b9
In base 2, what is -110001011110 - 110001100101001?
-110111110000111
In base 8, what is -10453 - -71611?
61136
In base 8, what is -23506534 + -4?
-23506540
In base 15, what is -150 + 79e?
64e
In base 2, what is 1101001110111010000 + -110?
1101001110111001010
In base 15, what is -a + -601355?
-601360
In base 4, what is 3330311212 + -223?
3330310323
In base 5, what is 34330002212 + -3?
34330002204
In base 4, what is -11 - -121200212300?
121200212223
In base 15, what is 55 - -12497?
124ec
In base 7, what is -4664503614 - 1?
-4664503615
In base 16, what is -5 - 321c2d?
-321c32
In base 6, what is 1 - -321305415?
321305420
In base 16, what is 3e + 982?
9c0
In base 8, what is -30756 - 362?
-31340
In base 4, what is -102 + -131011301001?
-131011301103
In base 16, what is -195ba7 + -c6?
-195c6d
In base 10, what is 7817868 + -11?
7817857
In base 4, what is -110120 + 10202231?
10032111
In base 15, what is -a69a379 - 4?
-a69a37d
In base 12, what is -2 + -60b08098?
-60b0809a
In base 4, what is 11 - 2032031312002?
-2032031311331
In base 5, what is 130140020113 - 2?
130140020111
In base 6, what is -50435 - -203250?
112411
In base 7, what is 365243 + -20600?
344343
In base 3, what is 21112211100 - 222?
21112210101
In base 7, what is 1355 - -336415?
341103
In base 5, what is -110022112214 - -23?
-110022112141
In base 13, what is 206 + -4560c7?
-455bc1
In base 16, what is 419c + 4a3?
463f
In base 15, what is -2 - 6763e43?
-6763e45
In base 11, what is 13344 + -27a?
13075
In base 6, what is 11 + -21103120?
-21103105
In base 7, what is 31 - 202162114?
-202162053
In base 7, what is -553 - 1615152?
-1616035
In base 12, what is -aa + 650b6?
65008
In base 8, what is 1 - 271757?
-271756
In base 4, what is 0 - 320310112323?
-320310112323
In base 9, what is 3307 - -722?
4130
In base 15, what is -4741b - 33e?
-4775a
In base 11, what is 109879 + 90?
109959
In base 8, what is 115 - 264370?
-264253
In base 15, what is 92657e - -48?
9265c7
In base 3, what is 21 - -2221002012101?
2221002012122
In base 9, what is 5 + 1628082?
1628087
In base 9, what is 18760 + -464?
18285
In base 12, what is 332 + -13976?
-13644
In base 11, what is 3 - -2488013?
2488016
In base 9, what is -13 + 435371784?
435371771
In base 15, what is 4 + 4830ad6?
4830ada
In base 4, what is -222 - 11122330103?
-11122330331
In base 7, what is -25 + 2453343?
2453315
In base 10, what is 13853 - -1453?
15306
In base 4, what is 301102220310 - 0?
301102220310
In base 6, what is 32314414455 + 0?
32314414455
In base 3, what is -12 - 1210222102021021?
-1210222102021110
In base 15, what is -2140 + e746?
c606
In base 14, what is -3 - b9dd02?
-b9dd05
In base 9, what is -1286 + 111158?
108762
In base 3, what is 12 + 10120111120021122?
10120111120021211
In base 5, what is -1031324 + -220421?
-1302300
In base 14, what is -12a795 - -d?
-12a786
In base 7, what is -106532101 + 1?
-106532100
In base 12, what is -17 - 1a691?
-1a6a8
In base 5, what is -33 - 44141402?
-44141440
In base 7, what is 14 + 161366001?
161366015
In base 4, what is -10 + -111223102203100?
-111223102203110
In base 9, what is -2065 - -14700?
12624
In base 16, what is 298256 + 0?
298256
In base 2, what is 11000001111111100111 - -1011111?
11000010000001000110
In base 15, what is 251e0e62 + -2?
251e0e60
In base 4, what is -2322 - 3130003122?
-3130012110
In base 9, what is -8 + -17146411?
-17146420
In base 5, what is -102310002024 + 2?
-102310002022
In base 12, what is 87 + 10887a?
108945
In base 9, what is 4780334 - -2?
4780336
In base 14, what is -3 + 1b458b4?
1b458b1
In base 15, what is -6 - -3ca2295?
3ca228e
In base 2, what is 10 - 101100100101110100100100110?
-101100100101110100100100100
In base 15, what is -ce56 + 1184?
-bcc2
In base 6, what is -10341 - 12124?
-22505
In base 16, what is 6 + -874858f?
-8748589
In base 10, what is 3 + 296605719?
296605722
In base 4, what is -2 - -21303122310130?
21303122310122
In base 15, what is 574 + -c46?
-6c2
In base 13, what is 3 + 106b45c5?
106b45c8
In base 4, what is 11 - 11330300233?
-11330300222
In base 3, what is -220100 - 1020111211002?
-1020112201102
In base 6, what is 2 - -1133315334?
1133315340
In base 7, what is 101652222 + 1?
101652223
In base 7, what is 45005665 - 12?
45005653
In base 16, what is -3 + -e6ea11?
-e6ea14
In base 8, what is 336276266 + -4?
336276262
In base 12, what is -41821 + -17?
-41838
In base 3, what is 1011112002 - 11102212?
1000002020
In base 7, what is 0 - 1103541446?
-1103541446
In base 3, what is -1110001021 - 22111?
-1110100202
In base 9, what is 2 - 118063884?
-118063882
In base 4, what is 23222303300322 - 10?
23222303300312
In base 15, what is 1 + 305e596?
305e597
In base 9, what is 786 + 4372?
5268
In base 13, what is -3 + -1701aa80?
-1701aa83
In base 2, what is 1010110 - 11100110000111001110?
-11100110000101111000
In base 16, what is 161d9 + -2?
161d7
In base 10, what is 0 + 18118549?
18118549
In base 13, what is -356ab127 + 6?
-356ab121
In base 11, what is 272138 + -68?
272080
In base 12, what is -5aaa443 + 9?
-5aaa436
In base 3, what is 201012102 + 111200?
201201002
In base 14, what is -9d + -1090?
-114d
In base 6, what is -4142104014 - 3?
-4142104021
In base 12, what is 4646 - -9ba5?
1262b
In base 14, what is bd771 - 2d?
bd742
In base 9, what is -11 + -117431?
-117442
In base 3, what is -20201120202 + 11101?
-20201102101
In base 15, what is 136c5608 + 5?
136c560d
In base 16, what is 5d - 247a2?
-24745
In base 8, what is -70602 - -1303?
-67277
In base 5, what is 1100102 - 1424342?
-324240
In base 9, what is 4142333070 - 3?
4142333066
In base 4, what is 11132 + -21121223?
-21110031
In base 6, what is 1220445 - -321?
1221210
In base 13, what is 1682b26 - 1?
1682b25
In base 6, what is -5 + 105120102?
105120053
In base 11, what is 0 + -481867?
-481867
In base 9, what is -18086 + 51036?
31840
In base 4, what is 12 + -21322020?
-21322002
In base 5, what is -12404004 - -100?
-12403404
In base 16, what is 22d98 + -10?
22d88
In base 14, what is 4660 - -117?
4777
In base 9, what is -2 - 210084447?
-210084450
In base 5, what is -421113132 - -330?
-421112302
In base 9, what is 1 + 20835060?
20835061
In base 3, what is 2012220000212022 + 2?
2012220000212101
In base 11, what is 910572a9 - 5?
910572a4
In base 